List the prime factors of x.
3, 5, 17
Let b(m) = m**2 + 9*m - 7. Let r be b(-10). Suppose 0 = 2*u - 2*i - 806, -1528 - 527 = -5*u - r*i. List the prime factors of u.
2, 3, 17
Let w = -8 + 13. Suppose -2*i = -4*b - 9158 - 14828, -w*b = -2*i + 23982. List the prime factors of i/121 - (6/(-11))/(-3).
3, 11
Let r(d) = 613*d + 1. Let y(h) = -307*h. Let v(z) = 2*r(z) + 5*y(z). What are the prime factors of v(-2)?
2, 5, 31
Let a be (2 - -8)*3381/14. Suppose -5*i + 5*z = -a, 0 = 3*z + 2*z - 5. List the prime factors of i.
2, 11
Let z(f) = 1993*f + 1486. What are the prime factors of z(1)?
7, 71
Let t(m) = 158*m + 283. Let p(y) = -471*y - 849. Let r(v) = 6*p(v) + 17*t(v). List the prime factors of r(-5).
3, 139
Let o(f) = -f**2 + f + 1. Let a(c) = 248*c**3 - 2*c - 1. Let v(j) = -a(j) - o(j). What are the prime factors of v(-1)?
2, 31
Let o = 439 + -435. Let f(h) = 211*h - 41. List the prime factors of f(o).
11, 73
Let b = -23174 - -46797. What are the prime factors of b?
23623
Let o = 52340 + -28571. List the prime factors of o.
3, 19, 139
Let g = 47 - 41. Suppose -12 = g*r - 9*r. Suppose 0*p + 4*p = -r*f + 184, 4*p - 86 = -2*f. List the prime factors of f.
7
Let q(g) = 3*g**2 - 40*g + 225. What are the prime factors of q(-81)?
2, 3, 643
Let i be (-15 - -23)*(3/4 + 0). Suppose 5*q = 5*x - 2555, 16 = -2*q + i*q. List the prime factors of x.
5, 103
List the prime factors of 1208260/40 + (-7)/(84/(-30)).
17, 1777
Let s(k) = -1102*k + 1782. List the prime factors of s(-19).
2, 5, 71
Suppose 3*v - 2*v - 1243 = j, 2*v + 3*j = 2466. Let x = 2351 - v. List the prime factors of x.
2, 139
Suppose -193*n + 283*n + 416177 = 7665677. List the prime factors of n.
2, 3, 5, 179
Let c(o) = o**2 - 4*o + 5*o + 7*o + 9. Let n be c(-7). Suppose 4*l - 16 = 0, v + n*l - 617 = -2*v. What are the prime factors of v?
7, 29
Let y(j) = -j**2 - 32*j + 5. Let f be y(-35). List the prime factors of (-10)/(-125) - 29192/f.
2, 73
Let d(x) = 3*x**3 + 11*x**2 + 15*x + 6. Let k be d(-5). Let t be ((-36)/8)/(3/(-172)). Let m = t + k. What are the prime factors of m?
89
Suppose -25443 = -23*a - 12522 + 27720. What are the prime factors of a?
3, 19, 31
What are the prime factors of (2 + -3532)/(-27 + 30)*-18?
2, 3, 5, 353
Let b(g) = -17*g**3 - g - 2. Let m be b(-2). Let x = m + 9. What are the prime factors of x?
5, 29
Let p = -2799 - -4728. List the prime factors of p.
3, 643
Let u be (11 - 7) + 1/(-2)*0. Let i be 2/(u/(-3)) + (-4431)/(-42). Suppose -114 - i = -2*y - 4*d, -3*d = 15. What are the prime factors of y?
7, 17
Let k be (1/2)/1 - 80691/(-78). Let v = k - 682. List the prime factors of v.
353
Let d = 859 - 820. Suppose -10*u = d*u - 48020. List the prime factors of u.
2, 5, 7
Let w be (-2 + (-4 - -9))/(1 + 2). What are the prime factors of (-198)/(-110)*w*65?
3, 13
Let g be ((-15)/20)/(2*6/(-64)). Suppose 2*r = g*u + 376 + 300, 3*u = -r + 348. What are the prime factors of r?
2, 3, 19
Let n = -21582 - -74531. What are the prime factors of n?
13, 4073
Let o(f) = 6*f + 10. Let a(v) = -4*v - 11. Let d(b) = 4*a(b) + 3*o(b). Let x be d(10). Suppose -760 = -x*r + 356. What are the prime factors of r?
2, 3, 31
Suppose 124*f = -104*f + 6208896. What are the prime factors of f?
2, 23, 37
Let n(j) = -j**3 - 18*j**2 - 15*j + 33. Let l be n(-17). What are the prime factors of (l/2)/(12/(-6144))?
2
List the prime factors of 16/(-28) - ((-12)/(-10) - 10347557/385).
5, 43
Suppose 2*z = 19*y + 14585, 3*y = 11 - 26. List the prime factors of z.
3, 5, 7, 23
Let n(d) = 1026*d**2 - 174*d - 112. List the prime factors of n(8).
2, 5, 401
Suppose 0 = -3*y + 3*z + 919 - 316, 4*y - 2*z - 804 = 0. Suppose -5*g + 222 - 2 = 0. Let f = y - g. What are the prime factors of f?
157
Let u(y) = y**3 - 103*y**2 - 15*y + 181. List the prime factors of u(104).
9437
Let t be (37 + -1)*2/4. Let x(u) = -51*u**3 - 53*u**3 + t*u**2 + 105*u**3 - 19 - 23*u. What are the prime factors of x(-19)?
3, 19
Suppose 22 = 3*f - 2*j, -2*f = 2*f + 3*j - 52. Let k be 1 + -274 - (f + -10). What are the prime factors of k/(-3) + -3 + 2/1?
2, 3, 5
Suppose 0 = p - 399 - 1587. What are the prime factors of p?
2, 3, 331
Suppose -90*h + 1983348 = 27*h - 391050. What are the prime factors of h?
2, 73, 139
Let j be 12 + (105 - (-3 - -13)). Let a(x) = 2*x**3 - 8*x**2 + 4*x - 2. Let y be a(5). Let p = j - y. What are the prime factors of p?
3, 13
Let u(z) = -4*z**2 + 4 - 3*z**2 + 4*z + z**2 + 5*z**2. Let t be u(4). Suppose -79 = -x - t. What are the prime factors of x?
3, 5
Let v(c) = c - 14. Let s be v(12). Let r(j) = -11*j - 5. Let t be r(s). Suppose -15*u + t*u = 116. List the prime factors of u.
2, 29
Let l be (2 + 88/(-33))*30/4. Let r(m) = -6*m**3 - 3*m**2 - 12*m - 3. List the prime factors of r(l).
2, 3, 61
Let q = 399 - 136. Suppose -4*d + q = v - 1893, -2*v = 0. What are the prime factors of d?
7, 11
Let k be ((-4)/5)/(16/40)*-2. Suppose 2*r - 21 = k*r - 3*u, 5*u + 9 = -4*r. List the prime factors of (10/(-15))/(r/45).
5
Suppose 2*s - 1437 = -2*p - 407, -s + 507 = -3*p. Suppose 4*z - 455 = s. What are the prime factors of z?
2, 11
Let j(q) = -q**3 - 9*q**2 - 11*q - 1. Let h be j(-5). Let g = h - -123. What are the prime factors of g?
7, 11
Let m = -7968 + 21331. What are the prime factors of m?
7, 23, 83
Let n(b) = -2*b**2 - 28*b - 21. Let m be n(-12). Suppose -20*f - 756 = -m*f. What are the prime factors of f?
2, 3
Suppose -58*l - 1799 = 927. Let r = l - -78. List the prime factors of r.
31
Let k(h) = 13 + 10 - 3*h - 18 - h**3 + 4*h**2. Let w be k(3). Suppose i + 650 = 4*s, -w*i + 4*i = 2*s - 322. List the prime factors of s.
2, 3
Suppose 2*l + 25 = 3*l. Let g(k) = 23*k - 240. Let y be g(11). Suppose -v + l + y = 0. List the prime factors of v.
2, 19
Let y(j) = -5*j**2 + j - 3. Let w be y(3). Let h = -36 - w. Let t(p) = p**2 - 8*p + 7. List the prime factors of t(h).
2
Let f(b) be the third derivative of -17*b**4/8 + b**3/6 + 47*b**2. Let z(n) = 152*n - 2. Let k(r) = 8*f(r) + 3*z(r). List the prime factors of k(5).
2, 11
Let d = -12527 - -19201. What are the prime factors of d?
2, 47, 71
Let b be (35/(-21))/((-5)/18). Let w(c) = -b*c + 108*c**3 + 1 + 6*c - c**2. List the prime factors of w(1).
2, 3
Let w(j) = j**3 - 9*j**2 + 4*j - 22. Let s be w(10). Let q = s - 124. What are the prime factors of q + 1 + 7 + 28?
2, 3, 5
Suppose -1781*g = 4*z - 1784*g - 17275, 3*g = -z + 4330. List the prime factors of z.
29, 149
Let s(l) = 11 - 85*l + 23*l + 24*l + 11 + 29*l. What are the prime factors of s(-17)?
5, 7
Suppose -14*h + 5011 = -13*h. Suppose h = 5*f - 4*j - 2306, -j = 4*f - 5841. List the prime factors of f.
3, 487
Let s(b) = -3334*b - 299. What are the prime factors of s(-4)?
13037
Suppose 367*t = 184*t + 8699820. List the prime factors of t.
2, 5, 2377
Suppose -5*u + 356 = r, u - 4*r - 31 = 57. Let w(n) = 572*n - 2. Let f be w(1). Suppose -6*s = -u - f. List the prime factors of s.
107
Let w = -2000 + 3335. Suppose 0 = -2*k - k + 15, d = 4*k + w. What are the prime factors of d?
5, 271
Let q(g) be the first derivative of g**4/2 - 3*g**3/2 + 19*g + 11. Let f(t) be the first derivative of q(t). What are the prime factors of f(4)?
2, 3, 5
Let f(g) = -8*g + 4. Let o be f(10). Let x = o + 72. List the prime factors of 0 - 216/(x + 3).
2, 3
Let g(a) = 2*a**3 + 4*a**2 - 8*a + 5. Let d be g(2). Suppose -d*s = -3440 - 3868. List the prime factors of s.
2, 3, 29
Suppose 28*b = 237944 - 41076. List the prime factors of b.
79, 89
Suppose 4057*j + 939570 = 4087*j. List the prime factors of j.
31319
Let q = 56449 - -27725. What are the prime factors of q?
2, 3, 14029
Let x be 4*12/8*(-72)/(-27). List the prime factors of 5700/(-9)*8/(x/(-3)).
2, 5, 19
Let z = 378 - 132. Let o = z - 870. What are the prime factors of o/(-36)*(0 - (-21)/2)?
2, 7, 13
Let s(n) = -4*n**2 - 3*n - 4. Let i(w) = -3*w**2 - 2*w - 2. Let j(g) = -5*i(g) + 3*s(g). What are the prime factors of j(-4)?
2, 3, 7
Let o = -7597 + 17410. List the prime factors of o.
3, 3271
Suppose -5*h - 2*f = -134373, 4*h + f - 51613 = 55889. What are the prime factors of h?
3, 17, 31
List the prime factors of -4*(-33)/462*(-91714)/(-4).
6551
List the prime factors of (-78)/(4 - 10) - -3436.
3449
Let h(r) = -13933*r + 674. What are the prime factors of h(-2)?
2, 5, 1427
Let z be ((-180)/(-10))/9 